 m(9).
-231
Let r(w) = 578*w - 657746. Calculate r(1138).
18
Let o(r) = 10*r**3 + 3634*r**2 - 7264*r + 11. What is o(2)?
99
Let j(y) = 10662*y - 42609. What is j(4)?
39
Let l(c) = c**3 - 249*c**2 - 3416*c + 1883. Determine l(262).
-737
Let y(u) = -14957*u - 1331168. What is y(-89)?
5
Let a(y) = -131383*y - 91968094. Determine a(-700).
6
Let z(p) = p**3 - 166*p**2 - 291*p - 7618. Give z(168).
-58
Let c(u) = -5187*u - 10057. Determine c(-2).
317
Let d(m) = 17*m**2 - 192*m - 6718. Calculate d(-15).
-13
Let w(u) = u**3 + 6*u**2 + 904*u + 7393. Give w(-8).
33
Let o(i) = 2*i**3 - 31*i**2 - 8*i + 346. Determine o(15).
1
Let o(x) = -17*x**2 + 846*x - 1684. What is o(2)?
-60
Let g(q) = -3*q**2 - 195*q + 18664. Calculate g(51).
916
Let m(f) = 53*f + 2887. Give m(-60).
-293
Let n(j) = 676*j - 23769. Calculate n(34).
-785
Let m(n) = n**3 - 15*n**2 - 1039*n - 847. Determine m(-25).
128
Let t(r) = -4*r**3 + 233*r**2 - 338*r + 2931. Give t(57).
-90
Let z(a) = -26707*a - 186945. What is z(-7)?
4
Let v(i) = -i**3 - 155*i**2 - 450*i + 654. Give v(-152).
-258
Let g(d) = 3*d**3 + 73*d**2 - 3470*d - 184. What is g(24)?
56
Let l(i) = 223211*i + 2901707. Calculate l(-13).
-36
Let h(y) = 2*y**3 - 76*y**2 + 1981*y - 37449. What is h(27)?
0
Let w(v) = -v**3 - 793*v**2 - 18195*v - 373441. Calculate w(-770).
9
Let z(r) = 293*r**3 - 26662*r**2 - 89*r - 156. Determine z(91).
26
Let u(q) = q**3 - 21*q**2 + 103*q + 35. Calculate u(7).
70
Let u(v) = 17516*v - 338. What is u(0)?
-338
Let y(i) = 46*i**3 - 25*i**2 + 51*i - 7. Give y(2).
363
Let m(c) = -2100*c**3 - 2093*c**2 - 1. Give m(-1).
6
Let t(p) = 130*p + 6157. Give t(-10).
4857
Let g(j) = 2*j**3 - 384*j**2 - 19*j + 3519. Give g(192).
-129
Let b(r) = -18*r**2 - 508*r - 527. What is b(-24)?
1297
Let h(i) = i**3 + 356*i**2 - 2070*i + 1377. Determine h(5).
52
Let k(b) = b**3 + 3*b**2 + 80612*b + 645176. Calculate k(-8).
-40
Let l(z) = -z**3 + 90*z**2 - 203*z + 26889. Give l(91).
135
Let y(k) = 4*k**2 + 1680*k - 5121. What is y(3)?
-45
Let q(o) = 183951*o + 24465467. Give q(-133).
-16
Let m(x) = -578994*x - 1736971. What is m(-3)?
11
Let r(b) = -b**3 + 25*b**2 + 13*b + 16. What is r(-1)?
29
Let r(m) = -6*m**3 - 34*m**2 - 29*m - 13. Calculate r(-3).
-70
Let j(w) = -w**3 - 13*w**2 + 12*w - 33. What is j(-15)?
237
Let a(i) = -3477*i + 340742. Give a(98).
-4
Let l(s) = -4*s**2 + 687*s + 25127. Calculate l(-31).
-14
Let g(b) = 3748*b - 15000. Calculate g(4).
-8
Let r(o) = -9*o**3 - 257*o**2 - 1154*o - 106. What is r(-23)?
-14
Let x(y) = y**3 - 51*y**2 - 1935*y - 11699. Give x(-8).
5
Let f(y) = -941843*y - 13185819. Determine f(-14).
-17
Let f(y) = 21388*y - 85462. What is f(4)?
90
Let g(w) = -2*w**3 - 8*w**2 - 106*w + 378. Calculate g(0).
378
Let c(i) = -190*i + 2616. Determine c(10).
716
Let n(d) = d**3 - 2506*d**2 + 39874*d - 538. What is n(16)?
6
Let o(y) = 266*y**2 - 621*y + 26. Calculate o(4).
1798
Let o(k) = 2*k**2 + 834*k + 12022. Give o(-15).
-38
Let k(g) = -g**3 + 3*g**2 + 785*g + 795. Calculate k(30).
45
Let y(k) = -1476*k**2 - 13280*k + 38. Determine y(-9).
2
Let j(c) = -106*c**2 + 1882*c - 1882. What is j(1)?
-106
Let u(c) = 31144*c - 342590. Give u(11).
-6
Let w(n) = -2*n**2 + 914*n - 88506. What is w(139)?
-102
Let f(g) = 5*g**2 - 1072*g - 11939. Give f(225).
-14
Let q(d) = d**2 + 895*d - 54288. What is q(57)?
-24
Let o(k) = 34*k**2 - 1297*k + 2610. Give o(36).
-18
Let m(h) = 2*h**2 + 763611*h - 5345341. Calculate m(7).
34
Let t(h) = 22*h**2 + 152*h - 1184. Determine t(-12).
160
Let q(d) = d**3 + 5008*d**2 - 45155*d + 25. Determine q(9).
7
Let s(a) = -a**3 - 166*a**2 - 109*a - 17966. What is s(-166)?
128
Let f(v) = -19*v**2 + 923*v + 5086. Calculate f(-5).
-4
Let y(i) = i**3 - 31*i**2 - 418*i - 8. Determine y(42).
1840
Let q(h) = 56*h**3 - 444*h**2 - 46*h + 147. Determine q(8).
35
Let a(j) = j**3 + 2144*j**2 - 8347*j + 526271. Determine a(-2148).
11
Let u(t) = 9511*t - 56989. Determine u(6).
77
Let m(i) = -6082*i**2 + 669015*i + 556. Calculate m(110).
6
Let a(y) = -y**3 - 75*y**2 - 80*y - 474. Determine a(-74).
-30
Let i(p) = 13*p**3 + 51*p**2 - 21338*p - 85331. Give i(-4).
5
Let r(k) = -186*k**2 - 7262*k + 8. Determine r(-39).
320
Let v(a) = -17571*a + 3654763. Give v(208).
-5
Let j(o) = -o**3 + 12*o**2 + 411*o - 1676. Give j(4).
96
Let s(y) = -35695*y + 3640884. What is s(102)?
-6
Let r(a) = 169*a**2 - 203*a + 33. Determine r(1).
-1
Let a(y) = 16*y**2 + 190*y + 31. Calculate a(-13).
265
Let p(j) = 258*j + 21347. Calculate p(-84).
-325
Let x(o) = 67954*o + 543067. Give x(-8).
-565
Let g(x) = 667*x**2 - 1517*x + 60. Determine g(2).
-306
Let a(k) = -2*k**3 + 5*k**2 + 117*k - 219. What is a(8)?
13
Let i(s) = 2692985*s + 2692981. Calculate i(-1).
-4
Let b(i) = 1732*i + 62314. Give b(-36).
-38
Let t(j) = -2*j**3 + 56*j**2 - 386*j - 118. Determine t(16).
-150
Let k(b) = 2*b**3 + 550*b**2 + 1645*b + 3574. Give k(-272).
38
Let i(f) = -2*f**2 + 293*f - 654. What is i(145)?
-219
Let o(a) = -7*a**3 - 41*a**2 - 55*a - 34. Calculate o(-4).
-22
Let q(g) = -7*g**3 - 8*g**2 - 180*g - 544. Give q(-3).
113
Let m(d) = 7527*d - 2069930. Give m(275).
-5
Let g(k) = -5659*k - 40146. Determine g(-7).
-533
Let b(s) = -2*s**3 + 141*s**2 + 1107*s + 143. Give b(-7).
-11
Let b(d) = d**2 + 153*d + 1481. Calculate b(-8).
321
Let m(u) = 51029*u + 561353. What is m(-11)?
34
Let r(j) = j**3 - 1390*j**2 - 9783*j - 12. Give r(-7).
16
Let f(a) = 1639*a + 531034. What is f(-324)?
-2
Let l(d) = 2*d**2 - 15529*d - 326892. What is l(-21)?
99
Let n(s) = -414977*s - 2489903. Give n(-6).
-41
Let w(j) = 1327*j + 551. What is w(-1)?
-776
Let v(t) = -t**2 - 11631*t + 81507. Determine v(7).
41
Let c(n) = -12*n**3 - 794*n**2 - 152*n - 1354. What is c(-66)?
-34
Let c(z) = 12*z**3 + 166*z**2 - 213*z - 40. Give c(-15).
5
Let c(o) = -21*o**2 - 251*o + 1212. Determine c(-16).
-148
Let h(q) = 18953*q - 1326722. Calculate h(70).
-12
Let n(y) = -32088*y - 288776. What is n(-9)?
16
Let d(y) = 4*y**3 + 42*y**2 - 390*y + 397. Give d(5).
-3
Let z(c) = -40701*c - 8791420. What is z(-216)?
-4
Let n(b) = b**2 + 129*b + 914. What is n(-120)?
-166
Let u(n) = -8725*n - 52397. Give u(-6).
-47
Let i(w) = 92366*w - 4341217. What is i(47)?
-15
Let d(u) = u**3 - 633*u**2 - 1386*u + 73671. Give d(635).
11
Let b(p) = -p**3 + 508*p**2 + 1389*p - 430. Determine b(-3).
2
Let n(u) = -241*u**2 + 13259*u - 161. Give n(55).
59
Let m(r) = -269*r + 71415. Give m(266).
-139
Let y(m) = 2094*m - 276381. What is y(132)?
27
Let c(d) = -369*d - 5476. Calculate c(-12).
-1048
Let a(c) = 14083*c + 84122. What is a(-6)?
-376
Let l(h) = -3*h**2 + 99*h + 1729. Give l(46).
-65
Let n(w) = -1776281*w + 30196771. What is n(17)?
-6
Let b(f) = 39180*f + 1292934. Give b(-33).
-6
Let t(f) = -2*f**3 + 28*f**2 - 117*f + 1708. Give t(13).
525
Let z(h) = -h**3 - 159*h**2 + 806*h - 669. Give z(-164).
1627
Let m(u) = -u**2 + 1352*u + 53995. What is m(-39)?
-254
Let f(d) = 4419*d - 53024. What is f(12)?
4
Let g(h) = -42*h**2 + 1321*h - 1792. Give g(30).
38
Let u(z) = -z**2 - 131*z - 1564. Give u(-116).
176
Let v(o) = -2*o**3 + 84*o**2 + 24*o + 201. Determine v(42).
1209
Let l(f) = 219358*f + 4167793. Give l(-19).
-9
Let y(g) = 226*g - 21320. Calculate y(94).
-76
Let h(l) = l**3 + 52*l**2 - 310*l - 214. Calculate h(-58).
-2418
Let l(f) = 12*f**2 - 117*f + 593. Calculate l(5).
308
Let l(v) = -v**2 + 130*v + 1150. Give l(-15).
-1025
Let k(r) = -r**3 + 347*r**2 - 19810*r + 171. Calculate k(72).
-549
Let j(n) = -n**3 - 237*n**2 - 2455*n + 6989. Give j(-226).
-17
Let z(t) = -20702*t + 45721. Give z(2).
4317
Let j(t) = 3*t - 1160. Give j(26).
-1082
Let t(r) = -525*r + 24638. What is t(47)?
-37
Let m(o) = 3*o**2 + 4996*o - 110069. Determine m(22).
1295
Let j(b) = 110*b**2 - 1765*b - 16. Give j(16).
-96
Let c(x) = -4485*x**3 + 143516*x**2 + 130*x - 63. Give c(32).
1
Let n(x) = -40*x + 153. Determine n(17).
-527
Let f(a) = -4980*a - 34905. Determine f(-7).
-45
Let v(w) = 27*w**3 + 3*w**2 + 328*w + 1345. Calculate v(-4).
-1647
Let y(a) = 91235*a - 3649399. Calculate y(40).
1
Let s(h) = 241*h - 3625. Calculate s(22).
1677
Let g(b) = -4*b**3 + 8*b**2 - 54*b + 254. What is g(5)?
-316
Let t(m) = m**3 - 88*m**2 - 2111*m - 110. Calculate t(108).
5182
Let h(l) = 10012*l**2 - 70080*l + 4. Give h(7).
32
Let k(s) = 2065*s - 221345. Determin